vided by 4.
2
What is the remainder when 3516 is divided by 196?
184
Calculate the remainder when 1720 is divided by 21.
19
What is the remainder when 3276 is divided by 45?
36
Calculate the remainder when 1477 is divided by 205.
42
What is the remainder when 5906 is divided by 4?
2
What is the remainder when 92 is divided by 68?
24
What is the remainder when 447 is divided by 121?
84
Calculate the remainder when 184 is divided by 68.
48
Calculate the remainder when 174 is divided by 49.
27
Calculate the remainder when 807 is divided by 29.
24
Calculate the remainder when 630 is divided by 108.
90
What is the remainder when 138 is divided by 29?
22
Calculate the remainder when 7953 is divided by 52.
49
Calculate the remainder when 154 is divided by 39.
37
Calculate the remainder when 696 is divided by 28.
24
What is the remainder when 299 is divided by 31?
20
Calculate the remainder when 1047 is divided by 35.
32
Calculate the remainder when 93 is divided by 59.
34
What is the remainder when 152 is divided by 68?
16
What is the remainder when 418 is divided by 21?
19
Calculate the remainder when 3479 is divided by 3476.
3
Calculate the remainder when 366 is divided by 59.
12
Calculate the remainder when 682 is divided by 38.
36
What is the remainder when 106 is divided by 3?
1
Calculate the remainder when 1146 is divided by 23.
19
Calculate the remainder when 309 is divided by 12.
9
What is the remainder when 68 is divided by 10?
8
Calculate the remainder when 720 is divided by 263.
194
Calculate the remainder when 208 is divided by 97.
14
What is the remainder when 153 is divided by 79?
74
Calculate the remainder when 1223 is divided by 318.
269
Calculate the remainder when 1119 is divided by 122.
21
Calculate the remainder when 68 is divided by 38.
30
Calculate the remainder when 2225 is divided by 42.
41
What is the remainder when 412 is divided by 68?
4
What is the remainder when 537 is divided by 27?
24
What is the remainder when 2205 is divided by 8?
5
Calculate the remainder when 1686 is divided by 156.
126
Calculate the remainder when 195 is divided by 29.
21
What is the remainder when 641 is divided by 23?
20
Calculate the remainder when 308 is divided by 24.
20
Calculate the remainder when 6391 is divided by 94.
93
What is the remainder when 154 is divided by 94?
60
What is the remainder when 1491 is divided by 57?
9
What is the remainder when 447 is divided by 28?
27
What is the remainder when 2561 is divided by 50?
11
Calculate the remainder when 235 is divided by 77.
4
Calculate the remainder when 151 is divided by 53.
45
What is the remainder when 51 is divided by 27?
24
What is the remainder when 300 is divided by 57?
15
Calculate the remainder when 363 is divided by 347.
16
What is the remainder when 43 is divided by 20?
3
What is the remainder when 1041 is divided by 6?
3
Calculate the remainder when 298 is divided by 169.
129
Calculate the remainder when 1607 is divided by 74.
53
Calculate the remainder when 66 is divided by 33.
0
What is the remainder when 1026 is divided by 103?
99
Calculate the remainder when 835 is divided by 27.
25
What is the remainder when 942 is divided by 310?
12
What is the remainder when 2111 is divided by 270?
221
What is the remainder when 2308 is divided by 64?
4
Calculate the remainder when 1375 is divided by 43.
42
Calculate the remainder when 115 is divided by 13.
11
What is the remainder when 42 is divided by 17?
8
What is the remainder when 92 is divided by 47?
45
What is the remainder when 137 is divided by 69?
68
What is the remainder when 243 is divided by 189?
54
Calculate the remainder when 830 is divided by 13.
11
Calculate the remainder when 45 is divided by 13.
6
Calculate the remainder when 191 is divided by 88.
15
Calculate the remainder when 194 is divided by 18.
14
Calculate the remainder when 83 is divided by 26.
5
Calculate the remainder when 3567 is divided by 17.
14
What is the remainder when 5242 is divided by 18?
4
What is the remainder when 801 is divided by 667?
134
Calculate the remainder when 308 is divided by 15.
8
Calculate the remainder when 130 is divided by 27.
22
Calculate the remainder when 2779 is divided by 21.
7
What is the remainder when 39 is divided by 12?
3
Calculate the remainder when 4669 is divided by 123.
118
What is the remainder when 72 is divided by 32?
8
What is the remainder when 370 is divided by 175?
20
Calculate the remainder when 25 is divided by 19.
6
What is the remainder when 1589 is divided by 177?
173
Calculate the remainder when 284 is divided by 99.
86
What is the remainder when 143 is divided by 141?
2
What is the remainder when 10141 is divided by 483?
481
Calculate the remainder when 617 is divided by 27.
23
What is the remainder when 1080 is divided by 136?
128
What is the remainder when 553 is divided by 93?
88
Calculate the remainder when 345 is divided by 103.
36
What is the remainder when 138 is divided by 24?
18
Calculate the remainder when 111 is divided by 92.
19
Calculate the remainder when 344 is divided by 121.
102
Calculate the remainder when 341 is divided by 33.
11
What is the remainder when 630 is divided by 11?
3
Calculate the remainder when 3279 is divided by 1638.
3
What is the remainder when 387 is divided by 23?
19
What is the remainder when 5211 is divided by 2605?
1
Calculate the remainder when 145 is divided by 50.
45
What is the remainder when 321 is divided by 30?
21
Calculate the remainder when 1778 is divided by 18.
14
What is the remainder when 272 is divided by 138?
134
What is the remainder when 448 is divided by 247?
201
What is the remainder when 475 is divided by 1?
0
What is the remainder when 403 is divided by 81?
79
What is the remainder when 464 is divided by 93?
92
What is the remainder when 2528 is divided by 177?
50
Calculate the remainder when 487 is divided by 14.
11
What is the remainder when 136 is divided by 22?
4
Calculate the remainder when 29 is divided by 5.
4
What is the remainder when 327 is divided by 15?
12
What is the remainder when 437 is divided by 45?
32
What is the remainder when 10167 is divided by 18?
15
What is the remainder when 73 is divided by 26?
21
Calculate the remainder when 554 is divided by 125.
54
What is the remainder when 110 is divided by 28?
26
Calculate the remainder when 25 is divided by 8.
1
What is the remainder when 5155 is divided by 8?
3
Calculate the remainder when 519 is divided by 15.
9
Calculate the remainder when 1276 is divided by 67.
3
Calculate the remainder when 91 is divided by 44.
3
What is the remainder when 76 is divided by 45?
31
Calculate the remainder when 205 is divided by 15.
10
Calculate the remainder when 2549 is divided by 15.
14
Calculate the remainder when 53 is divided by 21.
11
Calculate the remainder when 135 is divided by 35.
30
What is the remainder when 93 is divided by 9?
3
What is the remainder when 1318 is divided by 147?
142
Calculate the remainder when 154 is divided by 3.
1
What is the remainder when 38 is divided by 21?
17
What is the remainder when 5281 is divided by 35?
31
What is the remainder when 2369 is divided by 37?
1
Calculate the remainder when 611 is divided by 101.
5
Calculate the remainder when 456 is divided by 51.
48
Calculate the remainder when 23 is divided by 13.
10
Calculate the remainder when 2181 is divided by 37.
35
Calculate the remainder when 228 is divided by 17.
7
What is the remainder when 1388 is divided by 127?
118
What is the remainder when 778 is divided by 54?
22
What is the remainder when 1751 is divided by 424?
55
What is the remainder when 362 is divided by 111?
29
What is the remainder when 832 is divided by 17?
16
Calculate the remainder when 84250 is divided by 59.
57
What is the remainder when 447 is divided by 218?
11
Calculate the remainder when 787 is divided by 42.
31
Calculate the remainder when 3625 is divided by 74.
73
Calculate the remainder when 242 is divided by 55.
22
What is the remainder when 471 is divided by 16?
7
What is the remainder when 2879 is divided by 120?
119
What is the remainder when 286 is divided by 87?
25
What is the remainder when 688 is divided by 21?
16
What is the remainder when 780 is divided by 97?
4
What is the remainder when 3878 is divi